. Let j be i(1). What is the greatest common divisor of j and 201?
67
Suppose 0 = 5*f + 2*u - 965, 4*f - 940 = -f + 3*u. Let s = 211 - f. Calculate the highest common divisor of s and 40.
20
Suppose -48 = -4*p + 4*x, 21 - 7 = p + x. Let s(j) = 1 - 2 - j + 8*j. Let d be s(2). Calculate the greatest common divisor of p and d.
13
Suppose 148 + 192 = 5*p. Suppose 2*t = -3*j + p, -4*t - 5*j + 120 = -14. What is the greatest common divisor of 403 and t?
31
Let t be (0 - -1) + 3/3 + 8. Let k be (-4)/8*(-1 - 9). Suppose x - k*g = 130, -3*x + 305 + 41 = -4*g. Calculate the highest common divisor of t and x.
10
Suppose 2*d - 220 = -x - 2*x, -2*d = -2*x + 160. Suppose x = m + 2*g, -6*m + 5*g - 292 = -10*m. Calculate the highest common factor of 476 and m.
68
Suppose -5*i - 80 = -3*t, -48 = 3*i - 3*t + 6*t. Let l = 24 - i. What is the greatest common factor of 24 and l?
8
Let f be (-44)/((40/(-5260))/1). Calculate the highest common divisor of 55 and f.
11
Let g be (-4 + (1 - -1))*(-8892)/152. What is the highest common factor of g and 13?
13
Suppose 4*c = 3*o - o - 160, -4*o - 109 = 3*c. Suppose -32*q + 201 + 1623 = 0. Let v = c + q. What is the highest common divisor of 42 and v?
6
Suppose 0 = -364*n + 376*n - 7680. Calculate the highest common factor of 560 and n.
80
Suppose -15*n - 77 = 13. Let q be n/10 - (-3)/(15/133). Suppose -4*z - z = -65. Calculate the greatest common factor of z and q.
13
Let x(f) = 0*f + 129*f**2 - 24 - 130*f**2 + 16*f. Let b be x(7). Calculate the greatest common factor of b and 3.
3
Let y be 1 - (-207)/45 - (-3)/(-5). Suppose 3*d - 17 = -n - 5, -5*n = -y*d. Suppose -n*b = -9*b + 6. Calculate the greatest common factor of 2 and b.
1
Suppose -642 - 4566 - 996 = -2*r. Calculate the highest common divisor of r and 264.
66
Suppose -1120 = 7581*p - 7595*p. Calculate the greatest common factor of p and 320.
80
Let s be (16/10)/(1/45). Let z = 60 - 59. Let v be z*32/(-6)*363/(-242). Calculate the highest common factor of v and s.
8
Suppose o - 3*y + 17 = 0, -5*o + 16 = y - 27. Suppose 0 = -5*p + p + 448. Calculate the greatest common divisor of o and p.
7
Suppose 141*r + 880 = 146*r. Suppose 5*m = -2*p + 271, 0 = 4*m - 4*p - 258 + 30. Calculate the greatest common factor of m and r.
11
Let h = 19907 - 18989. Calculate the greatest common divisor of h and 2958.
102
Let s = -9928 + 10572. Calculate the highest common divisor of 756 and s.
28
Let y = -693 + 1008. Let c = 1070 + -980. Calculate the greatest common factor of c and y.
45
Suppose 0 = -14*p + 47 + 149. Let h = p - 12. Suppose -2*b - 4*c = -16, b + 0*c + 13 = 5*c. Calculate the greatest common factor of h and b.
2
Suppose 66*p - 27*p - 42275 = -50*p. Let l = 918 + -248. Let z = l - p. Calculate the highest common factor of 39 and z.
39
Let b(j) = 156*j**3 - 11*j**2 + 30*j - 20. Let x be b(1). Calculate the highest common factor of x and 3782.
31
Suppose 3*p - 42 = p. Let t be -6 - (-3 - -9 - 12). Suppose 4*z + 105 = 5*s, t = 5*s + 5*z + 15 - 120. What is the greatest common factor of p and s?
21
Let x = 1479 - 1449. What is the greatest common factor of 1182 and x?
6
Let k = 10209 + -9624. What is the highest common divisor of 351 and k?
117
Suppose 0 = -13229*a + 13226*a + 387. What is the greatest common factor of 1849 and a?
43
Suppose -6*x - 179 + 1487 = 0. Let o = x - 213. Let y(z) = -3*z + 5. Let a be y(-5). What is the greatest common divisor of o and a?
5
Let r be (24/(-36) + 2)*339. Calculate the greatest common divisor of 16 and r.
4
Let h = 12 + -9. Suppose 0 = -h*m + 15*m - 120. Let u(j) = -j + 20. Let d be u(m). Calculate the greatest common factor of 80 and d.
10
Let y be 17 - (-21 + (13 - 5)). Calculate the highest common factor of y and 20530.
10
Let k = 151 + -21. Suppose k = 3*z + 2*m - 52, -5*z - m = -301. Calculate the highest common factor of z and 40.
20
Suppose 0 = -3*i, 7*k - 2*k = 4*i + 45. Let b(x) = 3*x**2 - 23*x + 61. Let p be b(16). Suppose -5*v - 56 = -p. What is the highest common divisor of k and v?
9
Let j(o) = -287*o + 280. Let m be j(0). Calculate the greatest common divisor of 176 and m.
8
Let t be 2/3 - 332/(-6). Suppose 206*g = -262*g + 65520. What is the highest common divisor of g and t?
28
Suppose -2*y = -2*p + 52, 2*p + 6*y - 47 = 3*y. Suppose 23*v - p*v - 114 = 0. Let g = v - -237. Calculate the highest common divisor of g and 12.
12
Let q(g) = -2*g + 1 - 2*g**2 - 6 + 3*g**2 - 3*g. Let r be 111/15 - (-6)/(-15). Let t be q(r). Calculate the greatest common divisor of 3 and t.
3
Suppose 57*o - 3953 = 12805. Suppose -3*b + 2*r = -o, -4*r = -6*b + b + 492. Calculate the greatest common factor of b and 3.
3
Let t(z) = 187*z - 1867. Let d be t(10). Calculate the highest common divisor of d and 11.
1
Let x = -90 - 101. Let h = 639 + x. Calculate the greatest common divisor of h and 48.
16
Let f = 4606 - 4587. Calculate the highest common factor of 418 and f.
19
Suppose -32*k + 24 + 96 = 24. Calculate the greatest common divisor of 348 and k.
3
Suppose 2*s = 3*c - 16230, 0 = -0*c - 2*c - 2*s + 10810. Calculate the highest common factor of c and 32.
32
Let c = 32660 + 11665. What is the highest common divisor of 225 and c?
225
Let c(k) = 2*k**2 - 3*k + 9. Let g(h) = -4*h**2 + 7*h - 16. Let b(n) = -11*c(n) - 6*g(n). Let x be b(6). Calculate the greatest common factor of 165 and x.
15
Suppose -4*n + 19*n = 90. Let f be 201/18 + (-5)/(-6). What is the greatest common factor of f and n?
6
Suppose -156*u + m - 1944 = -161*u, -u - 4*m = -366. Calculate the highest common divisor of u and 2910.
30
Suppose -44*k + 65 = -31*k. Suppose -5*x + 47 = 2*s - 10, -k*s + 45 = 5*x. Calculate the greatest common divisor of x and 169.
13
Let m = -1123 - -1723. What is the highest common divisor of m and 780?
60
Suppose 4*k - 27*k = 37*k - 291900. What is the highest common divisor of 35 and k?
35
Let t = -5536 + 6411. Calculate the highest common divisor of t and 385.
35
Let h(f) = -f**2 + 21*f + 21. Let p be h(16). Let q = 153 - p. Let x be (q + 4 - 2)/1. What is the highest common factor of x and 2?
2
Let m be (180/40)/((-6)/232). Let l be (-2)/1*261/m. Suppose -2*z + 21 + 9 = 3*d, d + z = 9. What is the highest common divisor of d and l?
3
Suppose -99*a = -188383 - 53969. Calculate the highest common factor of 238 and a.
34
Suppose -37 = -5*n - 7. Let i(a) = a**2 - 68*a + 454. Let h be i(61). What is the greatest common factor of n and h?
3
Suppose -5*h + 25 = 0, -2*a + 4*h = -0*a - 212. Let c = -1895 - -1900. Suppose 0 = -c*k + k + a. What is the greatest common factor of 29 and k?
29
Let u(b) = -b**3 - b**2 + 6*b + 22. Let v be u(-9). What is the greatest common factor of 42 and v?
14
Let s(h) = -3*h - 6. Let o be s(-10). Let i be -12 + 114 + 96/4. Calculate the highest common divisor of i and o.
6
Let k = 1241 + -156. Let w = k + -625. Let y = w - 154. What is the greatest common factor of 34 and y?
34
Let g be (-62)/1178*-247 - (11 - (-1 - -3)). Let o = -22 - -40. Calculate the highest common divisor of g and o.
2
Let i(q) = q**2 - 10*q - 45. Let b be i(15). Let r be (b/(-4))/(671/44 + -16). What is the greatest common factor of r and 2?
2
Suppose 35*m - 90*m + 3795 = 0. Calculate the greatest common divisor of m and 7107.
69
Let r be ((-3 + 5 - 65) + -1)/(-1). Suppose -w - r = d + w, 4*w = -d - 54. Let u = d - -88. Calculate the greatest common factor of u and 2.
2
Suppose 111*d - 136 = 107*d. Suppose -5*o + 2*x + d = 0, 5*o - 4*x - 15 = 13. Calculate the greatest common divisor of 28 and o.
4
Suppose 19*k - 15*k - 168 = 0. Suppose -27*d + 21*d + 84 = 0. What is the highest common factor of d and k?
14
Let n(q) = -5*q - 11. Let u be n(-3). Suppose -u*h + 1 = -59. Suppose h*o = 4*o + 66. Calculate the highest common divisor of 48 and o.
6
Let z = 2733 + -784. Let j be (z - (9 + -7))*2/6. What is the highest common divisor of j and 59?
59
Let i(m) = 8*m + 20*m - 4*m - 4*m + 36. Let t be i(5). What is the greatest common divisor of 24 and t?
8
Suppose -t - 1209 = -2*j, j + 1831 = 4*j + 2*t. Let h = j - 563. What is the highest common factor of h and 242?
22
Let c be 45/(((-135)/150 - 9/15)/(-2)). Let u(s) = 5*s**2 - 2*s. Let x be u(-2). What is the greatest common divisor of x and c?
12
Let f be ((-60)/25)/((-3)/(-20)*-2). Let p be 3783/104 - 3/f. Sup